 Give w(2).
7
Let j(p) = -6*p**2 - 25*p + 4. Let s(b) = 4*b**2 + 17*b - 3. Let a(w) = -5*j(w) - 7*s(w). Determine a(-4).
9
Let r(n) be the first derivative of 8/3*n**3 - 3*n - 7/2*n**2 - 1/4*n**4 - 6. Determine r(7).
-3
Suppose k = -5*x - 22, 2*k + 10*x = 13*x + 8. Let m(d) = d**3 + 2*d**2 + 3*d + 1. Give m(k).
-5
Let z(p) = -p - 3. Let t(y) = -y**3 + 5*y**2 - 2*y - 7. Let d be t(5). Let n(g) = 3*g + 10. Let r(w) = d*z(w) - 6*n(w). What is r(-5)?
-4
Let z = -7 + 7. Suppose z*u = u + 4. Let j(d) = -d - 8. Determine j(u).
-4
Suppose -31 = 3*w + 5*x, 2*w + 2*w + 3*x = -23. Let f = w - -1. Let i(c) be the third derivative of c**4/3 + c**2. Give i(f).
-8
Let v(i) = -2*i - 1. Let g(l) = -l + 1. Let c(w) = 5*w - 5. Let q(h) = -c(h) - 6*g(h). Let p be q(0). Calculate v(p).
1
Let z(u) be the third derivative of u**6/120 + u**5/15 + u**4/24 - 2*u**3/3 - 13*u**2 - u. What is z(-3)?
2
Suppose 5*f - 2*f = 54. Suppose 4*w = -w - 3*d + f, 0 = -4*d - 16. Let g(i) = -i + 3. Give g(w).
-3
Let m(r) = -r**3 - 4*r**2 - r - 1. Let l(f) = 3*f**2 - 1. Let c be l(1). Suppose -130 = -3*y - c*y. Let a be 12/(-30) + y/(-10). What is m(a)?
-7
Let o(h) = -2*h**2 - 3. Let z(n) = 2*n**2 + 4. Let i(w) = 5*o(w) + 4*z(w). Suppose -l - c = 2*c + 18, -5*l - 5*c - 40 = 0. Calculate i(l).
-17
Let k(d) = -5*d + 6. Let x(l) = -4*l + 7. Let h(o) = 5*k(o) - 6*x(o). Give h(-8).
-4
Let s(r) = -r**3 + r**2 + r - 4. Let x be 2/8 - 15/(-4). Suppose x*z = 3*z. Calculate s(z).
-4
Let v(b) = -b**3 - 7*b**2 + 10*b + 11. Let h be v(-8). Let p(n) = 4*n + 7. Let d(m) = 6*m + 10. Let u(q) = 5*d(q) - 7*p(q). Calculate u(h).
-9
Let a be (-12)/(-15) - (-2)/10. Let s(c) = 5*c**2. What is s(a)?
5
Let o(v) be the second derivative of v**5/20 - v**4/12 + v**3/6 - 4*v. Determine o(-2).
-14
Let j(f) = f**3 + 4*f**2 - 7*f - 7. Suppose 5 = -2*m + m. Determine j(m).
3
Let f be 10/6 - 2/(-6). Let x(i) be the first derivative of i**4/4 - i**3 + i**2 + 2*i - 1. Determine x(f).
2
Let v(l) = l**3 + 4*l**2 - 5*l + 2. Let k be v(-5). Suppose -h = k - 5. Let x(o) = 3*o + 2*o**2 + o**2 - 4*o**2 + h. Calculate x(4).
-1
Let u(b) = -10*b + 5. Let d(k) = -29*k + 14. Let m(l) = 6*d(l) - 17*u(l). Suppose 6 = 3*c + 3. Determine m(c).
-5
Let p(n) = -n. Let q be p(-5). Let j(w) = -w - w - 12 + 16. What is j(q)?
-6
Let q(d) be the first derivative of d**4/12 + d**3/6 + d - 5. Let r(s) be the first derivative of q(s). Calculate r(-3).
6
Let k be 3*3*4/12. Let t(n) be the second derivative of -1/2*n**k - 2*n - n**2 + 0. Give t(-3).
7
Let h(i) = 3 + 0*i + 8*i - 6*i - 3*i. Give h(5).
-2
Let x(p) = -p**3 - 12*p**2 - 9*p + 21. Let v be x(-11). Let t(h) = -5*h - 4 + 2 + 1. What is t(v)?
4
Let f(r) = -r - 2. Let a(i) be the first derivative of 1/3*i**3 + 2 + 4*i + 3/2*i**2 - 1/4*i**4. Let c be a(3). What is f(c)?
3
Let m(d) = -2*d**2 - 21*d + 11*d + 4*d + 4*d - 3. Determine m(-4).
-27
Let b(t) = -t**3 + 0*t**2 - 2 + t**2 + t + 0*t**3. Let i = 269 - 267. Calculate b(i).
-4
Let r(b) = -b**3 - 2*b**2 + 11*b + 8. Let t be r(-4). Let i(w) = w**3 - w**2 - 6 + 4 + 5*w**2 - 2*w. Give i(t).
6
Let s be ((-4)/6)/((-2)/12). Let a(n) = n**3 - 3*n**2 - n - 5. Let l be a(s). Let k(r) = -1 - 4*r + 4 - l. Calculate k(-4).
12
Let n(y) be the third derivative of -y**5/30 + y**4/8 + y**3/2 + 15*y**2. What is n(-2)?
-11
Let l(f) be the second derivative of f**5/20 - 5*f**4/12 - f**3/6 + 3*f**2/2 + 60*f. Suppose 5*h - 4*n = -2*n + 35, 0 = h - 2*n - 15. Calculate l(h).
-2
Let n(g) = g**3 + 4*g**2 - 7*g - 1. Suppose -2*y + 0*x = 4*x - 28, 3*y = 2*x + 18. Let o(q) = -2*q + 11. Let l be o(y). What is n(l)?
9
Let x = -4 - -7. Let z(q) = 0 - q**2 + 4*q**2 + q**x - 3*q + 0 - 4. Calculate z(-3).
5
Let j(l) = 3 + 1 + l - 4*l + 2*l. Give j(-6).
10
Let l(s) = 48 - 94 + s + 41. Give l(7).
2
Let i(q) = -3 - 3 + 0*q - q + 5. Suppose -4*p + 8 + 0 = 0. Suppose 2 = -p*a + 4*a. Determine i(a).
-2
Let p(g) = 5*g**2 + g. Let x be (-2*(-1)/(-4))/(15/30). Determine p(x).
4
Let m(r) = -r - 2. Suppose -11 = 2*k + 2*t - 1, t + 29 = -4*k. What is m(k)?
6
Let o(s) be the second derivative of -7*s**4/12 + s**3/6 - 2*s. Suppose -9 = -3*f + 4*g, 2*f + 4*g + 8 = 6*f. Give o(f).
-8
Suppose -g + 2 + 0 = 0. Let p(s) = s**3 - s**2 - s + 1. What is p(g)?
3
Let t be (4 + -4)/((-3)/1). Let s(m) = 0*m + t*m**3 + m**3 - 3*m - 2 - 2*m**3 + 5*m**2. Calculate s(3).
7
Let x(u) = -u**3 + 5*u**2 - 2*u - 2. Let t be x(4). Let w(v) = 9*v + 1. Let g(b) = -19*b - 2. Let q(a) = t*g(a) + 13*w(a). Determine q(5).
16
Let i(f) = f**3 + 3*f**2 - 4*f. Suppose 0 = -3*q + 32 + 1. Let l = q - 15. Determine i(l).
0
Let g(m) = 2*m. Let i(n) = n. Suppose 4*r = -4*p - 20, -2*p + r - 5*r - 16 = 0. Let d(s) = p*g(s) + 5*i(s). Give d(1).
1
Let d(x) = x**2 + 1. Let y = -3 - -3. Determine d(y).
1
Let y(x) = x**2 - 10*x + 3. Let p be y(9). Let d(g) = -g**3 - 6*g**2 - g. Calculate d(p).
6
Let l(w) = -w + 469 - 469. Suppose v = -3*r + 8, 2*r + 3*v - 18 = -r. What is l(r)?
-1
Let x be (-4)/7 - 160/(-35). Suppose x*d - 16 = -5*v, -3*d - v + 16 = d. Let c(r) = -r**2 + 3*r + 3. Calculate c(d).
-1
Suppose 0*q = -2*q - 12. Let h(s) = s**3 + 2*s**2 + 7*s + 2. Let u(m) = m. Let d(t) = q*u(t) + h(t). Determine d(-2).
0
Let v(h) = 3*h + 3. Let o = 26 + -29. Determine v(o).
-6
Let s(o) = -1. Let y(t) = -t - 2. Let h(j) = -5*s(j) + y(j). Give h(2).
1
Let z(g) = 3*g**3 - 20*g**2 - 17*g + 5. Let b(d) = -d**3 + 7*d**2 + 6*d - 2. Let p(t) = -4*t - 4. Let w be p(-3). Let v(s) = w*b(s) + 3*z(s). Give v(4).
-13
Let c(d) = d + 3. Let n = 79 + -75. Calculate c(n).
7
Let x(r) be the second derivative of -r**5/20 - r**4/3 - r**3/3 - 2*r**2 - r. Let k be 14/(-4) - (-2)/4. Give x(k).
-7
Let q(o) = -2*o + 7. Let a be q(6). Let v(l) = l**3 + 4*l**2 - 6*l - 3. Determine v(a).
2
Let z(g) = -4*g**3 - 6*g**2 + 10*g + 6. Let y(j) = j**3 + 1. Let d(t) = -3*y(t) - z(t). Calculate d(-7).
12
Let j(b) be the second derivative of b**4/12 - b**3 - 6*b**2 - 4*b - 10. Give j(9).
15
Let b(s) = 2 + 2*s - 3*s**2 + 3*s**2 - s**2 + 1. Let t(p) = -p**2 - 5*p - 4. Let l be t(-4). Suppose o - 5*u - 19 = 0, -o + l*u - 11 = 5*u. Calculate b(o).
-5
Let k(u) = u**3 + 6*u**2 + 3*u - 5. Let d(x) = -21*x**3 - x**2 + 1. Let o be d(1). Let f be 37/(-7) + (-6)/o. Give k(f).
5
Let a(o) be the first derivative of -o**5/40 + o**4/6 + 2*o**3 + 1. Let v(p) be the third derivative of a(p). Determine v(-4).
16
Let s(d) = -d**2 - d - 1. Let u(r) = -3*r**2 + 5*r + 4. Let h(c) = 2*s(c) - u(c). What is h(8)?
2
Let x(b) = -2*b**2 - 3*b - 3. Let r(f) = f**2 - f. Let u(v) = 3*r(v) + x(v). Calculate u(4).
-11
Let n be ((-2)/(-4))/(1/(-2)). Let i(x) = x + 12*x**3 - 7*x + 5*x - 1. Calculate i(n).
-12
Let o(g) = -4*g + 1 + 3*g - 8. Calculate o(-7).
0
Let o(c) be the first derivative of c**2/2 + 3*c - 1. Let z be (-28)/(-2) + (2 - 2). Let b = z + -16. Calculate o(b).
1
Let j(c) = c**3 + 7*c**2 - 4*c + 8. Suppose -5*l + 2*s - 50 = 0, -2*l - s + 4*s = 31. Calculate j(l).
-24
Let a(x) = -7*x + 7. Let s(g) = -4*g + 3. Let m(n) = -2*a(n) + 5*s(n). Determine m(1).
-5
Let p be (1 - (-4)/8)*-2. Let s(x) = -x**3 - 3*x**2 - 1. Give s(p).
-1
Let u(z) = 3*z**2 + 2 + 4 - 5 + 2*z. Let d be u(-1). Let l(g) = d - 5*g - 4 + 0. Calculate l(-2).
8
Suppose c - 4*v - 1 + 7 = 0, -24 = 4*c + 3*v. Let u(s) = s**3 + 6*s**2 - 2. What is u(c)?
-2
Let a(u) = u**2 - 5. Let p be a(0). Let r(x) = 3*x - 8. Let z(i) = 7*i - 17. Let s(v) = 9*r(v) - 4*z(v). What is s(p)?
1
Let h(u) = 7*u - 21. Let x(p) = 8*p - 22. Let n(t) = 7*h(t) - 6*x(t). Let v be n(11). Let r(o) = -o**3 - 4*o**2 - 2*o - 2. Give r(v).
6
Let u(d) = -d + 8. Let j be u(15). Let k(c) = c**3 + 6*c**2 - 6*c + 10. Give k(j).
3
Suppose 4*m + 10 = 30. Suppose 5 = -m*k - 20. Let h(f) = -1 - 1 - f + 0 - 1. Give h(k).
2
Let o(z) = -3*z**3 - z**2 - 3. Let h(p) = -10*p**3 - 3*p**2 - 10. Let t(j) = 2*h(j) - 7*o(j). Suppose 0 = a + s + 3, -2*a - 15 = -5*a + 5*s. Give t(a).
1
Let m(k) = -3 - 13 + k**2 + 9 + 5*k. Determine m(-6).
-1
Let i(t) = t**3 + 3*t - 3. Let x = 24 - 22. Calculate i(x).
11
Let g(w) = w**2 + 4*w. Suppose -3*o = -f + 17, -o + 1 = -2*o - 2*f. Determine g(o).
5
Suppose -4*i + d + d + 4 = 0, 4*d - 14 = -3*i. Let h(f) = 7*f**2 - 3*f**i - f**3 - 2*f**2 - 2*f + 3*f. Calculate h(2).
2
Let z(q) = -q**3 + 6*q**2 + 2*q - 9. Suppose -2*a = -13 + 3. Suppose -g - 2*g + 15 = -